 are the prime factors of s?
7
Let k(a) = -12*a - 2. Suppose -6 + 31 = -5*m, -7 = 4*r - m. What are the prime factors of k(r)?
2, 17
Suppose 2*j - 230 = -3*j. List the prime factors of j*(-2)/(8/(-4)).
2, 23
Let n(r) be the second derivative of -r**2 + r + 3/2*r**3 - 1/12*r**4 + 0. List the prime factors of n(7).
2, 3
Let p = 0 - -4. Suppose -3*v = -v - 2*j + p, 4 = -j. List the prime factors of ((-12)/8)/(1/v).
3
Let y = 4 + -6. Let v be 0/(6/y*-1). Suppose -8 = -v*z - 2*z. List the prime factors of z.
2
Let d = -6 - -12. Let h = d - -3. List the prime factors of h.
3
Suppose f = 0, l - 4*f = 5*l - 36. Let r be l/(-6)*(-128)/6. Suppose n = -p + 7, -3*n - 1 = 5*p - r. What are the prime factors of n?
2
Let d be (26/4 - 1)*4. Suppose 2*s = -2*s + 4*a + 16, -3*a = 0. Suppose 0 = -2*n + 2*r + d, 2*r = -5*n + s*r + 43. What are the prime factors of n?
7
Suppose -16 = -6*s + 2*s. Let h be (-153)/21 + 7 - 142/(-7). Suppose -64 = -s*n + h. List the prime factors of n.
3, 7
Suppose 10 = 5*m - 0. Let g be -1*m*(2 + 8). Let r = g + 34. List the prime factors of r.
2, 7
Let o = 80 - 53. List the prime factors of o.
3
Suppose -3*p + 4*p = 280. Suppose -70 = 6*z - p. List the prime factors of z.
5, 7
Let q = -7 + 41. Suppose 0 = -x + q + 6. What are the prime factors of x?
2, 5
Let p(y) be the third derivative of -y**4/24 + y**3/6 - y**2. List the prime factors of p(-1).
2
Let p be (-3)/(-9) - (-14)/(-6). Let b be p/(-3) - 34/(-3). Let n = -2 + b. What are the prime factors of n?
2, 5
Let y be 2 + -1 + -1 + 5. Suppose -s = -2*s + 11. Suppose -y*z - s = -6*z. What are the prime factors of z?
11
Let j(h) be the first derivative of -1 - 4*h**2 + 1/3*h**3 + 12*h. What are the prime factors of j(8)?
2, 3
Let r(p) be the second derivative of p**3/2 + p**2 + 3*p. List the prime factors of r(5).
17
Let m(t) = -t**3 + 7*t**2 + 5*t - 14. Let w be m(6). Let c = w - 18. List the prime factors of c.
2, 17
Suppose 0 = 4*o + 4*w - 792, 22 = -5*w - 3. What are the prime factors of o?
7, 29
Let c = 324 - 131. List the prime factors of c.
193
Suppose 0 = -4*g + 2*l + 10 + 6, 4*g = l + 18. Suppose 3*i + g = 71. List the prime factors of i.
2, 11
Suppose -2*n - 2*c + 26 = 0, 56 - 9 = 5*n - 4*c. List the prime factors of n.
11
Let t be 33*4*1/6. Suppose t + 14 = u. Suppose 0 = -4*p + p + u. What are the prime factors of p?
2, 3
Let m be (2*-10)/((-6)/15). Suppose -p = 2*p + 12, 0 = -2*l + 4*p - m. Let t = -23 - l. What are the prime factors of t?
2, 5
Let n be 2/(-4) - (-44)/(-8). Let a = -4 - n. Suppose 2*r - 8 = x, 4 = 3*r - 3*x - a. List the prime factors of r.
2, 3
Suppose t + c = 8, -c + 20 = 4*c. Suppose -z - 36 = -t*z - h, -h = 4*z - 49. What are the prime factors of z?
13
Let k be 6*3 + -3 + 3. Suppose 0 = -0*z - z + k. List the prime factors of z.
2, 3
Let s(n) = n + 6. Let f be s(-3). Suppose -3*q - 15 = 0, -4*k = q + f*q + 12. What are the prime factors of k?
2
Let v(m) = 43*m - 22. List the prime factors of v(8).
2, 7, 23
Suppose -6 = -4*h + 6. List the prime factors of 0 + (66/h - -3).
5
Let g(x) = -1 - 3 + x - 7*x**2 - 1 + x**3. Let t be g(7). Suppose 0 = 3*c + t*j - 30, 4*c + 2*j - 40 = 4*j. List the prime factors of c.
2, 5
Suppose -3*d = 3*c + 30, c - 24 = 3*d + 22. Let u(b) = 6*b + 5. Let a be u(-6). Let o = d - a. What are the prime factors of o?
17
What are the prime factors of 3 - 19/2*-2?
2, 11
Suppose -4*y + 2*j + 115 = -j, 5*y - 142 = 2*j. List the prime factors of y.
2, 7
Suppose 2*i + 4*c + 0*c = 42, -12 = -3*c. Let q = 18 - i. List the prime factors of q.
5
Let w(c) = 20*c**2 - 4*c + 7. What are the prime factors of w(2)?
79
Suppose 0*w = 3*w - 168. List the prime factors of w.
2, 7
Suppose 0 = -0*q - 2*q + 142. What are the prime factors of q?
71
Suppose 0 = -3*y - n - 9, 0 = -2*y - 2*y + n - 19. List the prime factors of (-321)/(-21) - y/(-14).
3, 5
What are the prime factors of (-427)/(-21) - 1/3?
2, 5
Suppose 3 + 6 = 3*h - u, 0 = -3*h - 3*u + 21. Suppose 0 = -5*i - h*p + 16, 3*i - 12 = -i - 4*p. List the prime factors of i.
2
Suppose -3*u = -f + 31, 60 = 3*f - u + 3*u. What are the prime factors of f?
2, 11
Suppose -12*y + 689 + 619 = 0. What are the prime factors of y?
109
Suppose o = 4*o - 135. List the prime factors of o.
3, 5
Let j(i) = i + 14. Let v(o) = o + 13. Let m(r) = 3*j(r) - 2*v(r). List the prime factors of m(0).
2
Let y = 70 + -41. List the prime factors of y.
29
Suppose 20 = y + 4*y. Suppose 4*p - 49 = -5*d, 0 = 2*d + 4*p - 26 + y. What are the prime factors of d?
3
Let s be (3 - 1)/1 - -14. Let u = s + 6. List the prime factors of u.
2, 11
Suppose 5*v = 11 + 34. What are the prime factors of v?
3
Let o = -433 - -768. List the prime factors of o.
5, 67
Suppose q - 4*p = 8, -16 = -2*q - 4*p - p. Let z = 17 + -12. Let d = q - z. What are the prime factors of d?
3
Let b(c) = -c**3 - 6*c**2 + 5*c + 23. What are the prime factors of b(-7)?
37
Suppose 4*x = 3*x + 37. What are the prime factors of x?
37
Suppose 3*j + 12 = -a, 4*a = j - 4*j - 39. Let u = a - -15. List the prime factors of u.
2, 3
Let f = 66 - 16. List the prime factors of f.
2, 5
Let v(i) = 4*i + 3. Let m be v(3). Suppose 3*y = -5*h + m, -y - 3 = -h - 0*y. List the prime factors of h.
3
Let q(g) = -g**2 + 6*g. Let v be q(6). Let i(m) = -m + 2. Let r be i(v). Suppose 2*z - 2*j = 0, j - 2 = -r*z + 7. What are the prime factors of z?
3
Let m = 14 + -7. Suppose m*z - 48 = 4*z. What are the prime factors of z?
2
What are the prime factors of (-9 - -1)*44/(-8)?
2, 11
Let y(f) = f**3 - 5*f**2 - 7*f + 1. What are the prime factors of y(7)?
2, 5
Let b(p) = p**3 + 11*p**2 + 14*p + 25. List the prime factors of b(-7).
3, 41
Let d be (-2 - 150/(-4))*4. List the prime factors of 2/8 - d/(-8).
2, 3
Suppose 4 = -p + 9. Suppose 0 = p*q - 10 - 25. What are the prime factors of q?
7
Suppose 0*i + 6 = 3*i. Let x = 6 - i. Suppose -2*c - 5 = -3*g, x*c + 5*g = 9*c. What are the prime factors of c?
5
Let r be (-2)/(-1 + 3) + 0. Let w(f) = 15*f**2 - 1. List the prime factors of w(r).
2, 7
Let k(z) = 23*z**3 + 2*z - 3. List the prime factors of k(2).
5, 37
Let q(p) = -p**2 + 5*p + 2. List the prime factors of q(4).
2, 3
Let v be 18/12*4/3. Suppose 0 = -4*s + 2*q + v, -s - 3*q + 4 = -7. What are the prime factors of s?
2
Let v = 10 - 2. Suppose 10*x = v*x + 16. List the prime factors of 0 + -1 + (x - -2).
3
Let p(s) be the second derivative of s**4/4 - s**3/3 - s**2/2 - 2*s. Let z be p(-2). Let t = z - 7. What are the prime factors of t?
2
Let s(f) = 6*f - 1. Let o be s(1). Suppose -a - 4*q = 9, 5*a - a - 24 = 4*q. Suppose a*h + 12 = o*h. List the prime factors of h.
2, 3
Let l(j) = 7*j**2 - 8*j - 19. Let q(t) = -8*t**2 + 9*t + 20. Let c(z) = -7*l(z) - 6*q(z). What are the prime factors of c(0)?
13
Suppose 5*t - 6*t = -21. Suppose u - 41 = -3*v, 124 = 3*u + 4*v + t. List the prime factors of u.
29
Let r = -4 + 10. Let j be (-26)/6 - 4/r. Let t = j - -7. List the prime factors of t.
2
Let j be 11/5 + 3/(-15). Suppose -j*l = l + 5*t - 20, -5*l = 2*t - 65. What are the prime factors of l?
3, 5
Let o(v) = v**2 + 6*v - 2. Let c be o(-6). Let m = 24 - c. What are the prime factors of m?
2, 13
Suppose 235 = -2*g + 7*g. Suppose 4*i + g = 7. Let c = 22 + i. What are the prime factors of c?
2, 3
Let b(j) = 7*j**2 + 4*j + 10. List the prime factors of b(-4).
2, 53
Suppose 3*o = -0*o - 4*d - 8, 2*d - 10 = -5*o. Suppose -v + 48 = -i, o*v - i - 23 - 166 = 0. Suppose v = 4*b + 19. List the prime factors of b.
7
Let z(v) = 4*v + 3. What are the prime factors of z(5)?
23
Let n(h) be the second derivative of h**5/20 - 5*h**4/12 + 2*h**3/3 - 2*h. Let o be n(4). Suppose j - 6*j + 75 = o. List the prime factors of j.
3, 5
Suppose 5*i - 18 = 2. Suppose i*l = -2*u + 96, 5*u + 2*l - 136 = 2*u. What are the prime factors of u?
2, 11
Suppose 2*z = -4*s + 314, z + 127 = 2*s - 4*z. Let f = -54 + s. List the prime factors of f.
2, 11
Suppose -2*h - g = -204, -4*h + 562 = -4*g + 166. List the prime factors of h.
101
Let d(k) = -k**3 + 4*k**2 - 2*k + 3. Suppose -12 = -4*q - 4*a, -3*q + 4*a + 1 = -1. Suppose 6 = 4*w - q. List the prime factors of d(w).
7
Let t be 10/(-4)*(-6)/3. Let n = t - -4. List the prime factors of (-5)/(-4)*(-1 + n).
2, 5
Suppose 6 = 2*p + 2. Suppose 0 = -v + 5*v + 3*f - 20, -p*v = -5*f + 16. Suppose 3